
True
Is 937527 a composite number?
True
Is 8059 a prime number?
True
Is 25439 a prime number?
True
Is 145861 a prime number?
True
Is 85379 composite?
True
Is 54251 prime?
True
Is 21089 a composite number?
False
Is 52361 a composite number?
False
Is 668347 a prime number?
True
Is 1345189 prime?
False
Is 555143 a composite number?
False
Is 57037 a prime number?
True
Is 1277 composite?
False
Is 73279 a composite number?
True
Is 90271 composite?
False
Is 26337 a composite number?
True
Is 110267 composite?
True
Is 298306 prime?
False
Is 82963 a prime number?
True
Is 28979 composite?
False
Is 989 composite?
True
Is 159307 prime?
False
Is 310459 composite?
False
Is 33691 prime?
False
Is 219565 a composite number?
True
Is 1267 prime?
False
Is 17933 a prime number?
False
Is 443 composite?
False
Is 16817 a composite number?
True
Is 7393 a composite number?
False
Is 130087 composite?
False
Is 259 prime?
False
Is 1877659 composite?
True
Is 1450327 a composite number?
True
Is 701357 a composite number?
False
Is 4073 composite?
False
Is 367163 composite?
False
Is 2451229 composite?
True
Is 4529 composite?
True
Is 89315 composite?
True
Is 17998 a composite number?
True
Is 158843 a prime number?
True
Is 52999 composite?
False
Is 213383 a prime number?
True
Is 8899 prime?
False
Is 7537 prime?
True
Is 60419 a composite number?
True
Is 23041 prime?
True
Is 1543 prime?
True
Is 16622 composite?
True
Is 4111 composite?
False
Is 37721 composite?
True
Is 8383 a prime number?
False
Is 1166479 composite?
False
Is 169 a composite number?
True
Is 1861 a prime number?
True
Is 3043 a prime number?
False
Is 26573 a composite number?
False
Is 1855793 composite?
True
Is 220067 a composite number?
True
Is 120811 a prime number?
True
Is 2231 prime?
False
Is 163367 prime?
True
Is 11579 a composite number?
False
Is 565001 prime?
False
Is 40577 composite?
False
Is 10301 a prime number?
True
Is 5129 a composite number?
True
Is 2983 a prime number?
False
Is 4271 a composite number?
False
Is 58477 a composite number?
False
Is 3967 a prime number?
True
Is 1867 a prime number?
True
Is 8513 composite?
False
Is 1235819 a composite number?
True
Is 6683 a prime number?
False
Is 38371 a composite number?
False
Is 14791 a composite number?
True
Is 81397 a composite number?
True
Is 5981 composite?
False
Is 27689 composite?
False
Is 619 prime?
True
Is 195967 composite?
False
Is 136239 a composite number?
True
Is 9089 a composite number?
True
Is 100633 a prime number?
False
Is 40577 prime?
True
Is 56843 prime?
True
Is 8509 prime?
False
Is 7279 a prime number?
False
Is 2953991 composite?
False
Is 5053 composite?
True
Is 2132177 a composite number?
False
Is 6469 a composite number?
False
Is 33081 a composite number?
True
Is 260339 a composite number?
False
Is 56617 composite?
True
Is 135631 prime?
False
Is 1061 a prime number?
True
Is 9587 composite?
False
Is 614 a composite number?
True
Is 305063 prime?
False
Is 89753 composite?
False
Is 347177 a composite number?
False
Is 65413 composite?
False
Is 28759 composite?
False
Is 469893 a composite number?
True
Is 25793 a prime number?
True
Is 263167 a composite number?
False
Is 5807 a prime number?
True
Is 96893 a composite number?
False
Is 5465 a prime number?
False
Is 989687 composite?
False
Is 381 a composite number?
True
Is 706011 a composite number?
True
Is 148553 prime?
False
Is 290469 a prime number?
False
Is 84671 composite?
True
Is 116329 composite?
False
Is 138937 a composite number?
False
Is 225859 a prime number?
True
Is 61771 a prime number?
False
Is 308951 prime?
True
Is 13891 a composite number?
True
Is 1973 composite?
False
Is 7799 prime?
False
Is 15133 a prime number?
False
Is 157585 composite?
True
Is 64661 a composite number?
False
Is 21169 prime?
True
Is 2721 prime?
False
Is 13811 composite?
True
Is 255571 prime?
True
Is 118497 a prime number?
False
Is 638447 a composite number?
True
Is 2824043 composite?
False
Is 1623 a prime number?
False
Is 1401 prime?
False
Is 7814 a composite number?
True
Is 1621 a prime number?
True
Is 345809 a composite number?
True
Is 24317 prime?
True
Is 23773 a composite number?
False
Is 11197 composite?
False
Is 631643 a composite number?
False
Is 12077 a composite number?
True
Is 764111 a prime number?
True
Is 5583 composite?
True
Is 6521 composite?
False
Is 24673 a composite number?
True
Is 23741 prime?
True
Is 321481 prime?
False
Is 24757 a composite number?
True
Is 784831 prime?
True
Is 346403 a prime number?
False
Is 740719 a composite number?
True
Is 26591 prime?
True
Is 723295 prime?
False
Is 36658 prime?
False
Is 7273 composite?
True
Is 7737 a composite number?
True
Is 59578 composite?
True
Is 15427 a composite number?
False
Is 42859 a composite number?
False
Is 1689 prime?
False
Is 15937 prime?
True
Is 628321 a prime number?
False
Is 4007 a composite number?
False
Is 46481 prime?
False
Is 516419 a composite number?
True
Is 95297 a prime number?
False
Is 117347 a prime number?
False
Is 3791 a composite number?
True
Is 1171 a composite number?
False
Is 10167 prime?
False
Is 56139 composite?
True
Is 19931 a composite number?
True
Is 30977 composite?
False
Is 895571 a composite number?
False
Is 383803 composite?
True
Is 1079483 prime?
False
Is 4285 a composite number?
True
Is 193067 a composite number?
True
Is 248659 a composite number?
True
Is 1088699 a prime number?
False
Is 2827 prime?
False
Is 64865 prime?
False
Is 39529 a composite number?
True
Is 269513 composite?
False
Is 45055 composite?
True
Is 6733 prime?
True
Is 12262 composite?
True
Is 183907 prime?
True
Is 61747 a prime number?
False
Is 312239 a prime number?
False
Is 23251 a composite number?
False
Is 1526339 prime?
True
Is 110189 a prime number?
False
Is 243769 composite?
False
Is 18779 composite?
True
Is 45929 composite?
True
Is 744413 a prime number?
False
Is 289127 a prime number?
True
Is 20911 prime?
False
Is 1673941 composite?
False
Is 3612019 a composite number?
False
Is 678151 prime?
False
Is 224563 a prime number?
True
Is 133357 a prime number?
False
Is 310313 a prime number?
True
Is 85049 a composite number?
False
Is 1847 prime?
True
Is 223019 composite?
False
Is 94307 prime?
True
Is 3709 a composite number?
False
Is 131 a prime number?
True
Is 969011 a composite number?
False
Is 3849187 a composite number?
False
Is 251 prime?
True
Is 12449 prime?
False
Is 353993 a prime number?
False
Is 6007 prime?
True
Is 1192753 composite?
False
Is 597967 prime?
True
Is 91367 prime?
True
Is 1097039 composite?
False
Is 1152337 a prime number?
True
Is 99079 prime?
True
Is 84401 prime?
True
Is 274369 a composite number?
True
Is 660353 a prime number?
False
Is 19843 a composite number?
False
Is 12646 prime?
False
Is 38939 a composite number?
True
Is 46171 composite?
False
Is 7601 composite?
True
Is 15817 a prime number?
True
Is 9901 a prime number?
True
Is 60157 a composite number?
True
Is 3389 composite?
False
Is 307919 prime?
True
Is 11311 prime?
True
Is 32707 a prime number?
True
Is 1115 composite?
True
Is 5234 a prime number?
False
Is 10993 prime?
True
Is 11463 prime?
False
Is 1937 a prime number?
False
Is 2903 composite?
False
Is 194809 a prime number?
True
Is 478 a composite number?
True
Is 125435 prime?
False
Is 413159 composite?
False
Is 15859 a composite number?
False
Is 341 a prime number?
False
Is 498733 composite?
False
Is 35479 a prime number?
False
Is 3611 a composite number?
True
Is 116239 prime?
True
Is 22229 a composite number?
False
Is 1097 prime?
True
Is 4798951 a prime number?
False
Is 452674 a composite number?
True
Is 10765 prime?
False
Is 73583 a composite number?
False
Is 151541 a composite number?
True
Is 379 prime?
True
Is 81633 a composite number?
True
Is 584849 a composite number?
False
Is 397247 prime?
False
Is 34403 a prime number?
True
Is 1239643 a composite number?
False
Is 116507 a composite number?
False
Is 41429 prime?
False
Is 1628339 a composite number?
True
Is 92471 a composite number?
True
Is 5507 a composite number?
False
Is 83701 composite?
False
Is 225341 prime?
True
Is 9059 a prime number?
True
Is 129361 a composite number?
False
Is 50207 a prime number?
True
Is 2045 a prime number?
False
Is 5839 a prime number?
True
Is 31399 a composite number?
True
Is 35417 prime?
False
Is 23399 a composite n